(base 13) to base 12.
-9740a
What is -100001100011010011011 (base 2) in base 6?
-35321523
What is 405763 (base 8) in base 3?
20210222211
What is -2042110 (base 6) in base 16?
-1829a
Convert -138d6 (base 16) to base 4.
-103203112
What is c606 (base 16) in base 6?
1030410
-101026004 (base 7) to base 2
-10110011101110100100010
What is -10344032210 (base 5) in base 8?
-53122770
Convert 100211212 (base 3) to base 12.
41a2
What is 10432555 (base 6) in base 11?
1a6107
1523121 (base 6) to base 10
88825
What is -64c008 (base 16) in base 5?
-3142242020
-be2fb6 (base 16) to base 9
-25406418
Convert -1011011101101110 (base 2) to base 9.
-71365
-1031883 (base 9) to base 12
-227940
11ad174 (base 15) to base 14
1988639
What is -da070 (base 15) in base 6?
-22455340
What is -10030103 (base 6) in base 3?
-112102101110
Convert 9a5b (base 15) to base 4.
13333013
Convert 1855b3 (base 15) to base 12.
490413
What is 60504105 (base 8) in base 15?
11bc699
Convert 121011102311 (base 4) to base 5.
3140402120
-11202001032 (base 4) to base 9
-2650100
340255004 (base 6) to base 7
103354321
Convert 10133131 (base 5) to base 9.
136533
-255575 (base 9) to base 11
-a6519
What is -212033 (base 7) in base 11?
-25657
Convert 830470 (base 11) to base 10.
1332892
Convert 1435337 (base 10) to base 8.
5363311
Convert -2bb606 (base 12) to base 9.
-1355736
340445 (base 7) to base 6
1142542
176266 (base 9) to base 4
122300010
-1322414050 (base 6) to base 4
-330102022032
What is 14110340 (base 5) in base 3?
21100011202
Convert -11000110001100011000100 (base 2) to base 4.
-120301203010
Convert -110010000110110011011 (base 2) to base 11.
-a21631
-365513 (base 7) to base 12
-327a5
What is -11037634 (base 8) in base 6?
-122530020
Convert 1b87784 (base 12) to base 13.
12b8657
94414 (base 14) to base 6
11355110
-11010010010110111100011 (base 2) to base 11
-3988919
-405113 (base 6) to base 15
-9839
Convert 303031000 (base 4) to base 7.
1532311
Convert 3434601 (base 7) to base 8.
1505765
5485015 (base 9) to base 4
23100012230
What is -237ec1 (base 15) in base 3?
-10012020122101
Convert -10120111001200 (base 3) to base 8.
-7175122
Convert 106656 (base 10) to base 11.
73150
-138a38 (base 13) to base 5
-110220124
What is -1024188 (base 10) in base 3?
-1221000220220
What is -133181 (base 9) in base 3?
-11010012201
What is 33211300232 (base 4) in base 15?
55ada5
214408 (base 9) to base 15
27d72
-101010011010100011 (base 2) to base 10
-173731
What is 2333402131 (base 5) in base 14?
9dbb02
Convert 11110110011100011110001 (base 2) to base 13.
1899909
What is -101101100011001010110 (base 2) in base 6?
-51554010
-21101212000 (base 3) to base 16
-2391c
What is 284315 (base 10) in base 11?
184679
What is 4524777 (base 9) in base 5?
1111001214
Convert 131123001 (base 4) to base 13.
42b13
What is eb21b (base 16) in base 3?
1210221010100
20cda (base 15) to base 7
612442
-3085606 (base 9) to base 2
-110010011000100000100
What is -10110000101110 (base 2) in base 12?
-6666
What is -307388 (base 9) in base 12?
-897a5
-121101102112120 (base 3) to base 16
-84e0ca
Convert 1744620 (base 10) to base 13.
491127
-240e5 (base 16) to base 9
-244524
What is 44513240 (base 6) in base 2?
101001000111011011000
What is -163397 (base 11) in base 16?
-3ddaf
-74a32 (base 11) to base 6
-2200520
37350027 (base 8) to base 10
8245271
Convert -110382 (base 11) to base 2.
-101011000000010001
Convert 101110313 (base 4) to base 12.
3509b
What is 2135378 (base 12) in base 4?
120000023030
125020 (base 11) to base 4
300012102
What is -10120310 (base 4) in base 6?
-215112
Convert -286a52 (base 13) to base 2.
-11110000101110011101
What is -102421210 (base 5) in base 7?
-3463366
-1000110100101010000 (base 2) to base 15
-5a9d9
What is 201312132222 (base 4) in base 7?
135266265
What is 1000201323 (base 4) in base 9?
442513
What is 396a8 (base 15) in base 3?
100100001212
Convert 8b6189 (base 12) to base 4.
20200101321
What is -160982 (base 11) in base 4?
-331003130
What is -27261 (base 14) in base 16?
-17905
505677 (base 9) to base 11
194a84
Convert -97732 (base 16) to base 9.
-1144844
What is -2d90e (base 15) in base 2?
-100011111011011100
403a6d (base 15) to base 5
1240044403
Convert -2659434 (base 10) to base 9.
-5003046
12100012122 (base 3) to base 7
615332
2604423 (base 7) to base 12
143539
Convert 13145665 (base 7) to base 2.
100100110001011011101
What is bba16 (base 12) in base 7?
2053446
What is -1a78a2 (base 16) in base 9?
-3233645
Convert -2101002212111 (base 3) to base 15.
-19dd04
What is dd14 (base 14) in base 16?
955e
6ddca (base 15) to base 11
21a575
20321020 (base 6) to base 15
b8980
-1888206 (base 10) to base 2
-111001100111111001110
-7a140 (base 11) to base 14
-30390
What is 57653a6 (base 12) in base 7?
262562133
What is -100011222120 (base 3) in base 8?
-541054
16440613 (base 7) to base 4
12020032231
-342120330 (base 5) to base 3
-2212020011122
-22102021011222 (base 3) to base 15
-5d5638
98f53c (base 16) to base 10
10024252
Convert 2021021210120 (base 3) to base 8.
4464114
What is 434171 (base 9) in base 4?
333031330
-544c4 (base 14) to base 10
-204012
Convert 1341333400 (base 5) to base 6.
202132550
What is -43a60e (base 15) in base 3?
-20001211011112
357353 (base 9) to base 11
13787a
Convert -1255063 (base 7) to base 5.
-20240103
What is 376a4 (base 13) in base 14?
2936a
196a29 (base 14) to base 3
1200211100111
122444120 (base 5) to base 15
bad75
-6272581 (base 10) to base 14
-b93cd7
What is -1213011133 (base 4) in base 6?
-13014451
Convert -10110011011110001100 (base 2) to base 15.
-e7c2b
Convert 12443044 (base 8) to base 9.
5182327
What is 5bb5b (base 15) in base 10?
292811
What is -556a604 (base 11) in base 8?
-45200122
-cc892b (base 13) to base 10
-4817382
Convert 304701 (base 11) to base 15.
99eba
3516787 (base 9) to base 5
441314044
Convert -30571365 (base 9) to base 2.
-111000000010101100100110
What is -12331 (base 6) in base 5?
-24410
Convert 2ed00 (base 15) to base 2.
100100111110000001
What is -6350 (base 9) in base 3?
-20101200
-1001010010001110011111 (base 2) to base 15
-331286
What is 774856 (base 9) in base 16?
71025
Convert 4124430 (base 7) to base 12.
1b9916
Convert 514172 (base 8) to base 14.
45dc6
What is -1102223300 (base 4) in base 16?
-52af0
What is -234383 (base 9) in base 13?
-4c254
Convert 226748 (base 12) to base 7.
4452104
What is 1022122012 (base 3) in base 8?
62573
What is -10000110100001001010101 (base 2) in base 5?
-2112023033
350643 (base 7) to base 12
30393
Convert 12122022111000 (base 3) to base 11.
1768494
136121163 (base 7) to base 15
bc0c30
What is 56281 (base 11) in base 3?
11010211100
Convert 54405 (base 8) to base 16.
5905
Convert -fcfaa (base 16) to base 10.
-1036202
-251646 (base 9) to base 16
-25260
-161988 (base 10) to base 9
-266176
What is -418224 (base 10) in base 11?
-266244
-1100110111011100 (base 2) to base 4
-30313130
307674 (base 11) to base 7
4123061
What is -2002750 (base 8) in base 14?
-d9892
What is -13722e (base 16) in base 3?
-2101202011112
What is -1894a1 (base 13) in base 16?
-97749
-231032220 (base 4) to base 15
-39d56
Convert -26234343 (base 7) to base 5.
-1103122342
Convert 19763 (base 10) to base 6.
231255
6aa18c (base 13) to base 14
4a00bd
-60505222 (base 7) to base 9
-10411821
What is -22121120200 (base 3) in base 16?
-2964f
100010121210102 (base 3) to base 16
4a11f4
-460346 (base 11) to base 10
-732463
What is 14745 (base 9) in base 3?
111211112
-5302d (base 14) to base 11
-12758a
Convert -2020002001 (base 3) to base 5.
-2400140
9445529 (base 10) to base 4
210002002121
Convert 3000033112 (base 5) to base 4.
112113010121
Convert 121100020 (base 3) to base 10.
11913
-1167412 (base 8) to base 13
-b4232
Convert -20012203 (base 4) to base 7.
-165520
What is 234311 (base 8) in base 12?
3a409
Convert -1121211100101 (base 3) to base 8.
-3224704
What is 3aee6 (base 15) in base 6?
4014543
What is -99918 (base 10) in base 8?
-303116
What is 341302 (base 7) in base 10?
60517
What is 23250aa (base 11) in base 9?
7571422
Convert -161700 (base 8) to base 14.
-17368
What is -202220121010 (base 3) in base 13?
-11545b
Convert 225901 (base 10) to base 6.
4501501
-2595175 (base 13) to base 11
-6715300
What is -467602 (base 10) in base 13?
-134ab5
What is -101000111100011 (base 